{"id":343,"date":"2021-07-17T16:27:55","date_gmt":"2021-07-17T22:27:55","guid":{"rendered":"https:\/\/www.cucucho.com\/?post_type=product&#038;p=343"},"modified":"2021-07-24T18:00:07","modified_gmt":"2021-07-25T00:00:07","slug":"parlante-bluetooth-portatil-ms-1917bt","status":"publish","type":"product","link":"https:\/\/www.cucucho.com\/?product=parlante-bluetooth-portatil-ms-1917bt","title":{"rendered":"Parlante Bluetooth Portatil MS-1917BT"},"content":{"rendered":"<p class=\"_04xlpA direction-ltr align-start para-style-body\"><span class=\"JsGRdQ\">Modelo:MS-1917BT<\/span><br \/>\n<span class=\"JsGRdQ\">Tama\u00f1o del altavoz: 6,5 pulgadas de altura.<\/span><br \/>\n<span class=\"JsGRdQ\">potencia de salida: 15 W<\/span><br \/>\n<span class=\"JsGRdQ\">Funci\u00f3n: TF \/ USB \/ FM \/ Bluetooth \/ Pantalla \/ USB \/ amplificador de potencia doble refuerzo \/ USB carga inversa \/ pareado TWS<\/span><br \/>\n<span class=\"JsGRdQ\">Caja de pl\u00e1stico de 6,5 pulgadas<\/span><\/p>\n<p><span class=\"JsGRdQ\">Tipo de altavoz: PORT\u00c1TIL<\/span><br \/>\n<span class=\"JsGRdQ\">Capacidad de la bater\u00eda: 1500 MAh<\/span><br \/>\n<span class=\"JsGRdQ\">potencia de salida: 15W<\/span><br \/>\n<span class=\"JsGRdQ\">Tiempo de trabajo: 1,5 h.<\/span><br \/>\n<span class=\"JsGRdQ\">Soporte de tarjeta de memoria: s\u00ed<\/span><\/p>\n<p><span class=\"JsGRdQ\">Funci\u00f3n:<\/span><br \/>\n<span class=\"JsGRdQ\">1.Coloque el adaptador DC 5V que se conecta al puerto de carga desde la parte posterior de este altavoz para cargar<\/span><br \/>\n<span class=\"JsGRdQ\">2.Puede reproducir tarjetas TF, disco U con archivos de formato MP3 en la memoria, funciones FM, Frecuencia: 87.5 &#8211; 108 MHz con funci\u00f3n inal\u00e1mbrica Bluetooth.<\/span><br \/>\n<span class=\"JsGRdQ\">3.Tambi\u00e9n puede leer la memoria en la m\u00e1quina y no cambiar el disco U \/ tarjeta TF<\/span><br \/>\n<span class=\"JsGRdQ\">4.Pulse el bot\u00f3n &#8220;MODE&#8221; para cambiar el disco U, la tarjeta TF y FM \/ Bluetooth<\/span><\/p>\n","protected":false},"excerpt":{"rendered":"<p>Modelo:MS-1917BT Tama\u00f1o del altavoz: 6,5 pulgadas de altura. potencia de salida: 15 W Funci\u00f3n: TF \/ USB \/ FM \/ Bluetooth \/ Pantalla \/ USB \/ amplificador de potencia doble refuerzo \/ USB carga inversa \/ pareado TWS Caja de pl\u00e1stico de 6,5 pulgadas Tipo de altavoz: PORT\u00c1TIL Capacidad de la bater\u00eda: 1500 MAh potencia de salida: 15W Tiempo de trabajo: 1,5 h. Soporte de tarjeta de memoria: s\u00ed Funci\u00f3n: 1.Coloque el adaptador DC 5V que se conecta al puerto de carga desde la parte posterior de este altavoz para cargar 2.Puede reproducir tarjetas TF, disco U con archivos de formato MP3 en la memoria, funciones FM, Frecuencia: 87.5 &#8211; 108 MHz con funci\u00f3n inal\u00e1mbrica Bluetooth. 3.Tambi\u00e9n puede leer la memoria en la m\u00e1quina y no cambiar el disco U \/ tarjeta TF 4.Pulse el bot\u00f3n &#8220;MODE&#8221; para cambiar el disco U, la tarjeta TF y FM \/ Bluetooth<\/p>\n","protected":false},"featured_media":437,"comment_status":"open","ping_status":"closed","template":"","meta":[],"product_cat":[99],"product_tag":[137,135,134,136],"class_list":{"0":"post-343","1":"product","2":"type-product","3":"status-publish","4":"has-post-thumbnail","6":"product_cat-altavoces","7":"product_tag-altavoz","8":"product_tag-bluetooth","9":"product_tag-parlante","10":"product_tag-portatil","12":"first","13":"instock","14":"sale","15":"shipping-taxable","16":"purchasable","17":"product-type-simple"},"_links":{"self":[{"href":"https:\/\/www.cucucho.com\/index.php?rest_route=\/wp\/v2\/product\/343","targetHints":{"allow":["GET"]}}],"collection":[{"href":"https:\/\/www.cucucho.com\/index.php?rest_route=\/wp\/v2\/product"}],"about":[{"href":"https:\/\/www.cucucho.com\/index.php?rest_route=\/wp\/v2\/types\/product"}],"replies":[{"embeddable":true,"href":"https:\/\/www.cucucho.com\/index.php?rest_route=%2Fwp%2Fv2%2Fcomments&post=343"}],"wp:featuredmedia":[{"embeddable":true,"href":"https:\/\/www.cucucho.com\/index.php?rest_route=\/wp\/v2\/media\/437"}],"wp:attachment":[{"href":"https:\/\/www.cucucho.com\/index.php?rest_route=%2Fwp%2Fv2%2Fmedia&parent=343"}],"wp:term":[{"taxonomy":"product_cat","embeddable":true,"href":"https:\/\/www.cucucho.com\/index.php?rest_route=%2Fwp%2Fv2%2Fproduct_cat&post=343"},{"taxonomy":"product_tag","embeddable":true,"href":"https:\/\/www.cucucho.com\/index.php?rest_route=%2Fwp%2Fv2%2Fproduct_tag&post=343"}],"curies":[{"name":"wp","href":"https:\/\/api.w.org\/{rel}","templated":true}]}}